 14) in base 2?
10011001
Convert -1 (base 16) to base 9.
-1
What is 3 (base 13) in base 10?
3
-12 (base 10) to base 6
-20
What is 32 (base 8) in base 7?
35
What is 5 (base 11) in base 6?
5
11001011 (base 2) to base 14
107
What is 101010 (base 2) in base 3?
1120
Convert -10 (base 4) to base 10.
-4
2 (base 16) to base 11
2
Convert -29 (base 12) to base 9.
-36
0 (base 15) to base 14
0
Convert 10 (base 15) to base 3.
120
175 (base 10) to base 14
c7
What is 9 (base 14) in base 10?
9
-4 (base 7) to base 5
-4
-234 (base 5) to base 8
-105
What is -2a (base 13) in base 6?
-100
What is 0 (base 11) in base 4?
0
What is 26 (base 11) in base 10?
28
What is 10 (base 8) in base 9?
8
What is -367 (base 9) in base 2?
-100110000
2 (base 8) to base 14
2
56 (base 7) to base 8
51
What is -6 (base 8) in base 16?
-6
16 (base 9) to base 10
15
What is -2 (base 14) in base 11?
-2
Convert 2d (base 14) to base 10.
41
What is -7 (base 13) in base 10?
-7
Convert -3 (base 8) to base 7.
-3
-1c (base 15) to base 6
-43
Convert -4e (base 16) to base 15.
-53
12 (base 11) to base 5
23
Convert -20 (base 12) to base 16.
-18
Convert -42 (base 9) to base 16.
-26
10 (base 5) to base 8
5
What is -1 (base 9) in base 13?
-1
What is 2 (base 16) in base 9?
2
-3 (base 8) to base 4
-3
Convert 5 (base 15) to base 10.
5
What is 1 (base 6) in base 16?
1
-31 (base 6) to base 3
-201
Convert -51 (base 12) to base 16.
-3d
What is -10 (base 4) in base 9?
-4
-54 (base 6) to base 4
-202
What is 0 (base 14) in base 2?
0
-215 (base 6) to base 12
-6b
147 (base 9) to base 11
103
What is -7e (base 15) in base 8?
-167
1 (base 2) to base 4
1
Convert -2 (base 15) to base 6.
-2
What is 2 (base 14) in base 16?
2
-29 (base 16) to base 9
-45
4 (base 13) to base 6
4
What is 10 (base 3) in base 5?
3
What is -101 (base 4) in base 16?
-11
Convert 39 (base 13) to base 2.
110000
What is 14 (base 8) in base 2?
1100
-27 (base 13) to base 3
-1020
Convert 6 (base 16) to base 6.
10
Convert bb (base 15) to base 8.
260
Convert -3 (base 16) to base 2.
-11
25 (base 14) to base 3
1020
-1 (base 5) to base 12
-1
Convert 12 (base 9) to base 10.
11
-1100 (base 4) to base 7
-143
What is -a1 (base 16) in base 2?
-10100001
100 (base 5) to base 2
11001
Convert -b (base 13) to base 9.
-12
1 (base 2) to base 4
1
Convert -3 (base 14) to base 5.
-3
Convert -2 (base 4) to base 11.
-2
11 (base 14) to base 2
1111
What is 132 (base 5) in base 10?
42
Convert 201 (base 4) to base 2.
100001
-3 (base 11) to base 6
-3
Convert 10010 (base 2) to base 15.
13
-17 (base 11) to base 5
-33
What is 6 (base 13) in base 16?
6
Convert 136 (base 10) to base 14.
9a
What is 4 (base 12) in base 9?
4
Convert 16 (base 11) to base 10.
17
Convert 0 (base 16) to base 8.
0
157 (base 11) to base 10
183
Convert 0 (base 8) to base 12.
0
Convert -4 (base 8) to base 13.
-4
Convert -7 (base 14) to base 8.
-7
Convert -6 (base 11) to base 9.
-6
What is -133 (base 10) in base 4?
-2011
Convert 26 (base 7) to base 15.
15
What is -10 (base 14) in base 8?
-16
Convert -a3 (base 15) to base 8.
-231
What is 74 (base 8) in base 7?
114
What is 1 (base 15) in base 4?
1
Convert -1001 (base 2) to base 10.
-9
-310 (base 5) to base 6
-212
a (base 12) to base 13
a
What is 5 (base 6) in base 13?
5
What is -2 (base 5) in base 2?
-10
10012 (base 3) to base 7
152
What is 12222 (base 3) in base 15?
ab
What is 161 (base 11) in base 3?
20222
-83 (base 11) to base 16
-5b
Convert 123 (base 7) to base 11.
60
What is -45 (base 7) in base 12?
-29
-20 (base 11) to base 12
-1a
Convert 1c (base 13) to base 6.
41
9 (base 11) to base 13
9
Convert 1342 (base 5) to base 7.
435
What is -32 (base 12) in base 6?
-102
34 (base 8) to base 6
44
What is -123 (base 8) in base 5?
-313
Convert 213 (base 4) to base 11.
36
-23 (base 11) to base 12
-21
What is 10 (base 13) in base 7?
16
Convert -3 (base 8) to base 6.
-3
Convert -308 (base 11) to base 4.
-11303
100 (base 2) to base 10
4
Convert 212 (base 6) to base 7.
143
Convert -101 (base 2) to base 15.
-5
6 (base 12) to base 2
110
-10 (base 9) to base 5
-14
Convert -1 (base 13) to base 10.
-1
Convert 11000 (base 2) to base 8.
30
What is 10111 (base 2) in base 13?
1a
What is -3 (base 16) in base 8?
-3
What is 79 (base 12) in base 15?
63
-1012 (base 4) to base 16
-46
-110 (base 3) to base 5
-22
Convert -12 (base 10) to base 2.
-1100
Convert -3 (base 4) to base 8.
-3
-22 (base 9) to base 6
-32
What is 110 (base 2) in base 7?
6
-bc (base 16) to base 14
-d6
Convert -65 (base 15) to base 13.
-74
Convert 33 (base 8) to base 4.
123
Convert -20 (base 6) to base 10.
-12
-3 (base 5) to base 7
-3
What is 64 (base 8) in base 7?
103
-30 (base 11) to base 13
-27
-8a (base 15) to base 8
-202
-11022 (base 3) to base 7
-224
5 (base 6) to base 16
5
101011111 (base 2) to base 6
1343
Convert -49 (base 14) to base 2.
-1000001
Convert -24 (base 10) to base 9.
-26
Convert -3 (base 12) to base 7.
-3
What is 5 (base 12) in base 3?
12
6 (base 14) to base 2
110
What is -13 (base 8) in base 16?
-b
What is 39 (base 11) in base 12?
36
Convert 6 (base 9) to base 6.
10
-111000 (base 2) to base 9
-62
What is -4 (base 7) in base 15?
-4
What is 1 (base 14) in base 7?
1
Convert 4 (base 5) to base 16.
4
315 (base 7) to base 5
1114
Convert 111 (base 6) to base 16.
2b
Convert 3 (base 10) to base 4.
3
Convert 4 (base 11) to base 9.
4
61 (base 8) to base 14
37
1 (base 8) to base 2
1
What is -4a (base 13) in base 16?
-3e
Convert -1 (base 12) to base 15.
-1
123 (base 4) to base 6
43
3 (base 10) to base 7
3
Convert 2 (base 8) to base 10.
2
What is -1 (base 13) in base 8?
-1
1 (base 4) to base 12
1
Convert 11 (base 3) to base 16.
4
What is 0 (base 14) in base 6?
0
-24 (base 9) to base 5
-42
What is -333 (base 4) in base 12?
-53
216 (base 7) to base 12
93
1 (base 13) to base 10
1
What is 301 (base 6) in base 8?
155
Convert -113 (base 15) to base 14.
-135
Convert -101111 (base 2) to base 15.
-32
What is 55 (base 10) in base 12?
47
Convert -12 (base 11) to base 5.
-23
What is -127 (base 8) in base 14?
-63
Convert -4 (base 11) to base 13.
-4
60 (base 10) to base 9
66
Convert 440 (base 5) to base 14.
88
Convert -100 (base 2) to base 13.
-4
Convert 2d (base 15) to base 10.
43
-4a (base 11) to base 10
-54
-30 (base 6) to base 15
-13
What is -32 (base 9) in base 12?
-25
68 (base 12) to base 8
120
101011 (base 2) to base 4
223
-100220 (base 3) to base 13
-177
What is 3 (base 11) in base 9?
3
-13 (base 5) to base 13
-8
33 (base 6) to base 8
25
1313 (base 4) to base 6
315
4 (base 14) to base 9
4
Convert -6 (base 7) to base 8.
-6
74 (base 13) to base 9
115
10 (base 11) to base 8
13
21 (base 4) to base 14
9
-1 (base 15) to base 3
-1
Convert 1b (base 14) to base 3.
221
What is 122 (base 3) in base 2?
10001
1031 (base 4) to base 11
70
Convert 0 (base 9) to base 10.
0
5 (base 14) to base 4
11
What is 30 (base 4) in base 2?
1100
-141 (base 10) to base 5
-1031
3d (base 14) to base 5
210
Convert -3 (base 16) to base 8.
-3
Convert -10 (base 7) to base 14.
-7
-10 (base 3) to base 5
-3
Convert 1100011 (base 2) to base 13.
78
Convert 8 (base 9) to base 2.
1000
Convert -5 (base 11) to base 6.
-5
Convert -6 (base 15) to base 2.
-110
Convert -8 (base 16) to base 13.
-8
What is -20 (base 3) in base 11?
-6
What is -1 (base 14) in base 16?
-1
11 (base 10) to base 15
b
Convert 4 (base 5) to base 10.
4
What is 10110 (base 2) in base 10?
22
What is 2 (base 3) in base 14?
2
What is 1 (base 5) in base 9?
1
Convert -99 (base 10) to base 7.
-201
Convert 3b (base 15) to base 14.
40
-bb (base 16) to base 6
-511
-27 (base 15) to base 3
-1101
-42 (base 7) to base 2
-11110
Convert 15 (base 6) to base 10.
11
What is 21 (base 4) in base 7?
12
What is 7 (base 11) in base 12?
7
Convert 56 (base 14) to base 8.
114
Convert 0 (base 13) to base 2.
0
-1210 (base 5) to base 13
-10b
What is 20 (base 5) in base 11?
a
11 (base 2) to base 10
3
Convert -2 (base 6) to base 3.
-2
What is -8a (base 15) in base 10?
-130
28 (base 12) to base 8
40
What is 101 (base 3) in base 15?
a
Convert 8 (base 14) to base 13.
8
Convert -6 (base 7) to base 2.
-110
Convert -145 (base 6) to base 11.
-5a
What is 37 (base 14) in base 2?
110001
22 (base 6) to base 14
10
What is -142 (base 7) in base 10?
-79
Convert -88 (base 10) to base 5.
-323
18 (base 14) to base 8
26
What is 6 (base 8) in 